*3 + 12*q**2 - 8*q - 26. Let l be w(9). Suppose -10*x = -95 - l. What is the remainder when x is divided by 17?
7
Suppose 0 = -3*j - 29 + 17. What is the remainder when 12/j*-9 - -4 is divided by 8?
7
Suppose -85 = -3*o - 0*b + 4*b, -57 = -3*o - 3*b. Suppose -4*j + 21 = -3*a, -o = -j - 3*j + a. What is the remainder when 8 is divided by j?
2
Let f = 25 + -22. Suppose y + f*d = -d + 91, -3*y = -2*d - 287. Suppose -3*a = a - 96. Calculate the remainder when y is divided by a.
23
Let d = 20 - 17. Suppose -2*g - 4*n + 56 = 0, 2*g - 105 = -3*g - d*n. Calculate the remainder when 32 is divided by g.
14
Suppose -24*g - 211 = -667. What is the remainder when 69 is divided by g?
12
Let d = 128 + -125. What is the remainder when 29 is divided by 2/((d - 5)/(-16))?
13
Suppose -3*b - 105 = -8*b. Let v(i) = 3*i**2 - 3*i + 2. Let f(h) = -4*h. Let c be f(1). Calculate the remainder when v(c) is divided by b.
20
Let l(y) = 2*y**2 + 28*y + 107. Suppose -2*q + 75 = -9. What is the remainder when q is divided by l(-6)?
9
Let j = -743 - -773. What is the remainder when 477 is divided by j?
27
Suppose -35*h = -8*h - 16119. Calculate the remainder when h is divided by 15.
12
Let y(b) = 3*b**2 - 21*b + 2. Let i be y(7). Suppose -n - 4*u - 4 = -50, 4*u + 116 = i*n. What is the remainder when n is divided by 8?
6
Suppose -2*r = 2*c + 3*c - 1097, 3*r - 5*c - 1658 = 0. What is the remainder when r is divided by 15?
11
What is the remainder when 19/114 + 1059/18 is divided by 15?
14
Let w = 17 + -59. Let o = -28 - w. Suppose 3*u - 3*s - 66 = 0, 0 = -u + 8*s - 3*s + 6. What is the remainder when u is divided by o?
12
Suppose 11 = -4*a + 3*m, 2*a = -5*m - 0*m + 1. Let p be (-2205)/(-25) + a/10. Suppose -3*v = -7*v + p. What is the remainder when 64 is divided by v?
20
Let r(u) = -u**2 - 13*u + 5. Let h be r(-13). Suppose 0 = 2*y - h*y. Suppose -3*q + 1 + 35 = y. Calculate the remainder when 46 is divided by q.
10
Let k = 220 + 268. Calculate the remainder when k is divided by 98.
96
Let k be (24/42)/(4/(-14)). Calculate the remainder when 102 is divided by -2*k/4*21.
18
Suppose -8 + 108 = 5*q. Let a(f) = -163 + 130 - f + 95 - f. What is the remainder when a(12) is divided by q?
18
Let l(m) = 31*m - 212. Calculate the remainder when l(8) is divided by 10.
6
Suppose -29 = -4*s - 5*w, -5*w + 7*w + 28 = 2*s. Let r(m) = m**3 + 5*m**2 + 7*m + 6. Let p be r(-4). What is the remainder when s is divided by p/9*9/(-1)?
5
Suppose 112 = 4*g - 216. What is the remainder when 259 is divided by g?
13
Let u(w) = -w**3 + 7*w**2 - 5*w + 5. Let g(a) = -2*a**3 + 56*a**2 + a - 22. Calculate the remainder when u(6) is divided by g(28).
5
Let s be 0 - 4 - (15 - 15). Let m(h) = 15*h**2 - 9. What is the remainder when m(s) is divided by 29?
28
Let u be 6/15 - (-32)/(-5). Let q = 62 + u. Suppose 2*k - q = 4*z + 84, -3*z - 12 = 0. Calculate the remainder when k is divided by 16.
14
Let g(n) = -n**3 + 11*n**2 - 20*n + 20. Let o be g(9). Suppose -49 = -0*k - k - w, k = -o*w + 44. What is the remainder when k is divided by 11?
10
Let g = 198 - -8. Calculate the remainder when g is divided by 16.
14
Suppose 2*u = 2*g + 286, 2*u + 13 = 4*g + 583. Let z = 218 + g. Calculate the remainder when z is divided by (-2 - 0) + (-196)/(-7).
24
Suppose 0 = -4*o - 12, -o = 21*n - 17*n - 57. Let u = -1 - -6. Let k(v) = 2*v**2 - 3*v - 6. What is the remainder when k(u) is divided by n?
14
Let j = -8 - -13. Let o = 166 - 94. Suppose -4*i + o = 4*i. Calculate the remainder when i is divided by j.
4
Let o(u) = u**2 - 10*u + 7. Let f be o(8). Let r = f - -6. Let h(s) = -3*s + 4. Calculate the remainder when 25 is divided by h(r).
12
Let u(v) = -v**3 + 17*v**2 - 14*v - 10. What is the remainder when u(16) is divided by 20?
2
Suppose 65 = 5*u + 5*a, -3*u + a = -6*u + 45. Let d be (-5 - (-10 - -3)) + (0 - 0). Suppose -46 = -d*q + 48. What is the remainder when q is divided by u?
15
Suppose -3*f + 410 = -286. What is the remainder when f is divided by 17?
11
What is the remainder when 1445 is divided by (-12)/(-27) + 4144/72?
53
Let a(d) = d**2 - 2*d - 2. Suppose -z - 9 = 2*z, -2*i - 9 = z. Calculate the remainder when a(i) is divided by 7.
6
What is the remainder when (1464/84 - 14)/((-6)/(-56)) is divided by 4?
0
Suppose 3*w + 10 = -14. Calculate the remainder when w/(-12) + (4 - 316/(-12)) is divided by 8.
7
Let j(p) = p**3 + 8*p**2 + p - 4. Suppose 5*w - 22 = t + w, -t - 14 = -2*w. What is the remainder when j(t) is divided by 21?
20
Calculate the remainder when 5/(-6) - ((-9564)/72 + 13) is divided by 29.
3
Suppose -2*l - 135 = -161. Calculate the remainder when 18 is divided by l.
5
Suppose 4*u = -5*v + 3, -4*v + 5*v + 5*u + 12 = 0. Let w = 1 + 1. Let x = w + v. What is the remainder when 17 is divided by x?
2
Suppose f = -3*f. Suppose -4*b + 577 + 1103 = f. Suppose -4*z = -5*y - b, 4*y + 46 = 3*z - 268. Calculate the remainder when z is divided by 28.
26
Suppose h + u = 77, -5*h + 5*u + 321 + 104 = 0. Let w = h - 69. What is the remainder when 177 is divided by w?
9
Suppose -7*w + 16 = w. Suppose g = 20 - w. What is the remainder when 124 is divided by g?
16
Let v(k) = -k + 2 - k**3 + 1 - 8*k**3 - 4. Let m(r) = 17*r**2 - 78*r - 11. What is the remainder when m(5) is divided by v(-1)?
6
Let m be (2/(-7))/(2/(-14)). Let x(d) = 36*d. Let v be x(m). What is the remainder when 43 is divided by 2/9 - (-776)/v?
10
Let s(b) = 220*b**2 + 61*b - 60. What is the remainder when s(1) is divided by 4?
1
Suppose -3*d = -15 + 6. Suppose d*r - 132 - 63 = 0. Suppose -2*g + 62 = 2*u, 5*g = -2*u + 108 + 53. What is the remainder when r is divided by g?
32
Let r(s) be the second derivative of s**4/4 - s**3/3 - 7*s**2 - 26*s. What is the remainder when r(-5) is divided by 15?
11
Let f = 410 + -323. Calculate the remainder when f is divided by 9.
6
Let t(a) = -2*a**2 - 4. Let b be t(0). Calculate the remainder when (-78)/2*b/6 is divided by 16.
10
Suppose 2*v + 42 = 5*v. Suppose -v*d = -18*d. Calculate the remainder when (4 + 1)/(d + 1) is divided by 2.
1
Suppose -11 - 1 = -6*y. What is the remainder when 10 is divided by 10/(-20) - -13*1/y?
4
Suppose -157 = -9*q + 329. Calculate the remainder when 105 is divided by q.
51
Suppose 0*t - 121 = -5*t + 2*l, 102 = 4*t + l. What is the remainder when t is divided by (18/(-4))/((-9)/18)?
7
Let b be (-99)/(-6)*6/(-9)*-4. Suppose -4*c - 16 = -b. What is the remainder when 10 is divided by c?
3
Let a = 9 + -9. Suppose -4*z - 5*t + 13 = a, 0*z + 5*t = 5*z - 5. Calculate the remainder when (-6)/(-9)*15/z is divided by 4.
1
Let o(t) = -t**3 - 9. Calculate the remainder when o(-6) is divided by 13.
12
Let w be (-4737)/(-12) - (1 - (-25)/(-20)). Let b = w - 265. Calculate the remainder when b is divided by 33.
31
Suppose -15 = -2*b + 1. Suppose -7*u + 175 = -154. What is the remainder when u is divided by b?
7
Suppose -39*h = -44*h + 50. What is the remainder when 38 is divided by h?
8
Let f be ((-104)/12)/(2/(-3)). Suppose f*k - 8*k - 70 = 0. What is the remainder when 54 is divided by k?
12
Let m(r) = 2*r**3 - 4*r**2 + 2*r - 6. Let g be m(3). Let s(i) = -i**2 + 20*i - 27. Calculate the remainder when 35 is divided by s(g).
8
Let f(y) = y**3 - y**2 - 2*y + 13. Calculate the remainder when f(4) is divided by (68/20 + -3)*35.
11
Calculate the remainder when (-3)/(-15) + (-656)/(-20) is divided by 8.
1
Let f(j) = 67*j - 6916. Suppose 3*w = w + 34. What is the remainder when f(106) is divided by w?
16
Suppose 14*b - 510 = 9*b. Suppose 26*s = 36*s - 150. What is the remainder when b is divided by s?
12
Suppose -10*r = -155 + 35. What is the remainder when 80 is divided by r?
8
Suppose -9 = -x + 38. Suppose 112*q - 444 - 1012 = 0. Calculate the remainder when x is divided by q.
8
Let h = -173 + 202. Calculate the remainder when 316 is divided by h.
26
Calculate the remainder when (-5)/(150/1236)*(-30)/12 is divided by 26.
25
Calculate the remainder when 896/14 - (-2 - 4) is divided by 23.
1
What is the remainder when 929 is divided by ((-26)/(-65) + (-18)/20)*-30?
14
Let f = 62 - 42. Let p = f - 17. Suppose 0*w = -p*w + 54. What is the remainder when 33 is divided by w?
15
Let w(k) = -k**2 + 8*k + 8. Let s be w(8). Let d = 4 - s. What is the remainder when 3 + (-216)/d + 0 is divided by 15?
12
Let m be (1 